pose 2*y + 4*j = 28, 2*j + 9 = y + 3*j. Let x(q) = -q**2 + 2*q + 5. What is x(y)?
-3
Suppose 3*q - 4 - 11 = 5*n, 0 = -q. Let g(d) = 9*d - 2. Give g(n).
-29
Suppose 0 = -22*o + 21*o + 2. Let s(a) = 0 - 1673*a + a**o + 5 + 1663*a. What is s(7)?
-16
Let a(c) = -c**2 - 15*c + 19. Let v be a(-16). Suppose 27 = -v*l + 78. Suppose -3 - l = 4*d. Let z(r) = -2*r - 5. What is z(d)?
5
Let d(o) = -1697*o**2 - 4 + 14*o - 12*o + 1698*o**2. Calculate d(-3).
-1
Let w(r) = 9 - 2*r + 4*r**3 + 3*r**2 - 2*r**3 + 3 - 2 - r**3. What is w(-5)?
-30
Let k be ((-102)/(-17))/(2/(-6)). Let j(t) = -t**3 - 18*t**2 + 2*t + 41. What is j(k)?
5
Suppose -5*w = -2*n - n - 228, -5*w - 5*n = -260. Let g = w - 46. Let b(x) be the first derivative of x**4/4 - x**3/3 + 3*x**2/2 - 2*x + 1. Give b(g).
8
Let t(d) = -3*d**3 - d**2 + d - 9. Let i(l) = 4*l**3 - 3*l**2 - l + 9. Let q(s) = -2*i(s) - 3*t(s). Determine q(-9).
18
Let y(a) = 3*a**2 - 21*a + 5. Let q be y(7). Let n(f) = -f + 6. Calculate n(q).
1
Let h(c) = 6*c**2 - c - 1. Suppose -2*t = -2*g - 34, -73 = -4*t + 2*g - 15. Let m be (t/18)/(2/(-3)). Give h(m).
6
Let r(y) = y**2 + 3*y - 4. Let f be r(-5). Let q(u) = f*u**2 + 1 + 0*u**2 - 8*u**2 + 2*u**3 - 3*u**3. What is q(-1)?
0
Let l(t) = -t - 9 + 34 + 39. Calculate l(0).
64
Let c(m) = 7*m - 38. Let w be c(5). Let q(f) = -f**2 - 2*f + 4. What is q(w)?
1
Let h(b) = -3 + 5*b + 7 - 4. Let s = 16 - 10. Let x(f) = 16*f. Let m(z) = s*x(z) - 20*h(z). Give m(-2).
8
Let f(c) = -6*c + 11. Let n(b) = -5*b + 13. Let x(m) = 3*f(m) - 4*n(m). What is x(9)?
-1
Let h(m) be the first derivative of m**4/4 + m**3/3 - m**2 + 3*m - 640. Let v be (-4)/1 + (1 - 0). Give h(v).
-9
Let a(u) = 2*u**2 + 23*u + 13 - 21*u - 16. Give a(-3).
9
Let s(d) = d**3 + 3*d**2 + d + 1. Suppose -4*g = 29 - 21. What is s(g)?
3
Suppose 5*n - 32*w = -31*w + 3, -2*n + w = 0. Let a(j) = -10*j**3 + j**2 - j + 1. Give a(n).
-9
Let h(y) be the third derivative of y**4/6 + y**3/6 + 1033*y**2. Let o be (-1)/((-3)/(-3*5)). Let n be (o - -1) + 0/2. Give h(n).
-15
Let g(d) = -1. Let s(n) = -n - 1. Let j(q) = -g(q) - s(q). Suppose 5*b + 2*p + 7 = 4*p, 4*p - 3 = -b. Let m = -5 + b. What is j(m)?
-4
Let r = 13 - 11. Let z(d) = -6*d - 4. Let s(y) = y + 1. Let l(p) = 5*s(p) + z(p). Calculate l(r).
-1
Let k(l) = 141*l**2 - 7*l - 2 - 66*l**2 - 74*l**2 + 2 - 6. Determine k(10).
24
Let q(w) = -w**3 - 19*w**2 + w + 21. Let j be q(-19). Suppose -5*d = 6 + 4, -j*f + 2*d = 2. Let m(l) be the second derivative of l**3/6 - l**2 - l. Give m(f).
-5
Suppose 5*v - 3 = -2*o, -3*v - 6 = -v. Let s(c) = -6*c - 1 - o + 1 + 8. Give s(1).
-7
Let a(d) = -d**3 + d**2 - 2*d + 1. Suppose 2*b - 2*t - 22 = -4*t, b + 2*t - 11 = 0. Let f = 12 - b. Calculate a(f).
-1
Let q(m) = -1. Let s(h) = -h**2 + 7*h + 3. Let t(n) = 3*q(n) + s(n). Calculate t(6).
6
Let x(v) = v + 14. Let c(b) = -b**2 + 10*b + 18. Let u be c(12). Let k be x(u). Let m(r) = -r + 17. Determine m(k).
9
Let f(g) be the third derivative of g**5/60 - 5*g**4/24 + 2*g**3/3 + 2*g**2 + 83. Suppose -4*c + 2*c + 10 = 0. Calculate f(c).
4
Let r(m) = -2*m**2 + 5*m - 3. Suppose 0 = 13*b - 1766 + 1727. Calculate r(b).
-6
Let h be 24/(-32) + (2 - (-6)/8). Let i(c) = c**2 + 0*c + c - 1 + 5*c + 0*c**h. What is i(-4)?
-9
Let p(x) = -20*x**2 + 12*x - 8. Let g(s) = -s - 1. Let m be g(-7). Let k(i) = 7*i**2 - 4*i + 3. Let j(q) = m*p(q) + 17*k(q). Determine j(-2).
-9
Suppose -4*g + 27 = -3*q, 31 = 5*g - 3*g - 5*q. Let p(r) be the third derivative of 12*r**2 + 0*r**3 - 1/8*r**4 + 0 + 0*r. Calculate p(g).
-9
Let p(y) = -15*y**3 + 29*y**2 + 10*y - 34. Let c(m) = -7*m**3 + 14*m**2 + 4*m - 16. Let u(s) = 13*c(s) - 6*p(s). What is u(7)?
-11
Let f(j) = 3*j - 63. Let d(x) = -3*x + 53. Let g(n) = 4*d(n) + 3*f(n). Give g(13).
-16
Suppose 5 = -6*r + 17. Let h(y) = y + 9*y - 9*y + 10 + r. Calculate h(-11).
1
Let m(a) = -3*a**2 + a. Let j(n) = 10*n**3 - 9*n**2 + 3*n + 1. Let u(y) = j(y) - 3*m(y). Calculate u(-1).
-9
Let w(k) = 3*k**3 + 10*k**2 - 10*k + 6. Let b(i) be the first derivative of 1/3*i**3 + 5 - 1/2*i**2 + 0*i + 1/4*i**4. Let f(n) = 4*b(n) - w(n). Give f(5).
-1
Suppose -129 = -7*v - 108. Let j(p) = 2*p - 1. Give j(v).
5
Suppose 4*k = 0, -2*g + k = 1 - 5. Let i(a) be the first derivative of -3*a**2/2 + 3*a - 7. Calculate i(g).
-3
Suppose 0 = l + l + 4*y - 28, -y = l - 11. Let s(x) = x**3 - 8*x**2 - x - 1. What is s(l)?
-9
Let f = 0 + -5. Let m(s) = 3*s + 10. Let a(u) = -23*u - 100. Let n(c) = 12*c + 50. Let d(i) = 4*a(i) + 9*n(i). Let o(r) = 2*d(r) - 11*m(r). What is o(f)?
-5
Let g(h) = -6 + 13*h - 9 + h**3 + 14 + 15*h**2. Give g(-14).
13
Let v(d) = 2*d + 6. Let g(u) = -2*u - 3. Let c be g(-3). Suppose -4*b + 4*q = 16, c*b + 20 = -2*q + q. What is v(b)?
-6
Let d(n) be the second derivative of -n**4/12 + n**3/2 + n**2/2 + 2*n + 137. Suppose -6*m + m + 5*z + 40 = 0, 0 = 3*m + 2*z - 9. Calculate d(m).
-9
Let a(h) be the first derivative of -h**2/2 - 2*h - 433. Suppose 2*z - 3 = -2*i + 15, -5*i + 21 = -z. Determine a(z).
-6
Let q(b) = 14*b**3 - 22*b**2 + 3*b - 37. Let k(r) = 5*r**3 - 8*r**2 + r - 13. Let t(j) = -11*k(j) + 4*q(j). Determine t(0).
-5
Let o = 182 - 181. Let x(u) = -u**2 - 2*u + 2. Calculate x(o).
-1
Let k(g) = -g**2 + 1. Let i(q) = 2*q**2 - 2. Let u(c) = -4*i(c) - 7*k(c). Let p(f) be the first derivative of u(f). Calculate p(3).
-6
Suppose 4*q - 126 = 2*v, 5*v - 69 = q - 3*q. Let r = 26 - q. Let w(h) = -2*h - 5. What is w(r)?
7
Let d(m) = 2*m - 11. Suppose -3*v = 2*a - 7*v - 16, v + 58 = 5*a. Calculate d(a).
13
Suppose 14 - 5 = -3*j. Let p(f) = 4*f + 4. Let k(b) = -6*b - 5. Let m(r) = j*k(r) - 4*p(r). Calculate m(-6).
-13
Let p(a) be the third derivative of -5*a**4/12 - a**3/2 + 2*a**2 + 4*a. What is p(-2)?
17
Suppose -5*n + 6 = -3*v, -2*v + 6*v + n = -8. Let y(z) = 2*z**3 + 2*z**2 + z - 2. Calculate y(v).
-12
Let l(d) be the first derivative of d**4/24 - 11*d**3/6 + 27*d**2/2 + 20. Let p(u) be the second derivative of l(u). Determine p(5).
-6
Suppose 180 = 12*r - 22*r. Let k(w) = -w**2 - 19*w - 18. Let i be k(r). Let b(f) = -f - 5. Calculate b(i).
-5
Let t(y) be the second derivative of -y**2 + 1/3*y**3 + 1/12*y**4 - 31*y + 0. Give t(3).
13
Let j(o) be the second derivative of -o**5/20 - 7*o**4/12 + 4*o**3/3 + 4*o**2 + 2*o + 14. What is j(-8)?
8
Let d(z) be the first derivative of z**4/4 + 11*z**3/3 + 6*z**2 + 14*z - 46. Calculate d(-10).
-6
Let l(m) be the second derivative of m**5/120 - 4*m**3/3 - 3*m. Let t(c) be the second derivative of l(c). Give t(-5).
-5
Let y(c) = c**2 + 8*c - 2. Let g = 29 - 36. Calculate y(g).
-9
Let m(l) = -10 + 52*l**2 - 104*l**2 - 3*l - 3*l + 53*l**2. Give m(8).
6
Let p(w) = 2*w**2 - 2*w + 4. Let i(k) = -2 + k - k**2 - 6 + 7. Let s(f) = 3*i(f) + p(f). Determine s(-1).
-1
Let r(c) = -c**3 - 5*c**2 - 3*c - 1. Let j(n) be the third derivative of n**5/30 - n**4/24 + n**3/6 - 5*n**2. Let b be j(3). Let m = b - 21. Determine r(m).
14
Let v(n) = -2*n + 2. Let g = 4 - 1. Let f be v(g). Let t(z) = -2*z**2 - 18*z + 5. Let k(w) = -w**2 - 6*w + 1. Let a(s) = 4*k(s) - t(s). Determine a(f).
-9
Let s(n) = -3*n**3 + n**2 + 2*n + 3. Let u(f) = 10*f**3 - 2*f**2 - 7*f - 10. Let m(d) = -7*s(d) - 2*u(d). Suppose -3*o + 10 = 2*o. What is m(o)?
-5
Let u = 37 - 33. Suppose k - 5*c + 31 = 0, -k + 4*c - 50 = u*k. Let f(r) = -r - 13. Calculate f(k).
-7
Let w(z) = 7*z + 27. Let y be w(-3). Let o(m) = -m**3 + 5*m**2 + 5*m + 7. What is o(y)?
1
Let j(d) be the first derivative of -d**2 + 3*d + 289. Let n(q) = q - 1. Let f be n(-3). What is j(f)?
11
Let t(i) = 3*i + 2. Let w(x) = 13*x + 2. Let u(k) = -3*t(k) + w(k). Give u(5).
16
Let l(s) be the first derivative of -s**5/30 + s**4/24 - 5*s**3/3 - 6. Let y(t) be the third derivative of l(t). Give y(1).
-3
Let a(k) = -k. Suppose 7*u - 3*u = -4, 5*u + 29 = 4*p. What is a(p)?
-6
Let d(g) = 5*g - 17. Suppose b - 2 = -i, 5*b - 30 = -5*i + 4*b. What is d(i)?
18
Let q(f) be the second derivative of -f**5/5 + f**4/4 - f**3/6 - f**2/2 + 20*f - 2. What is q(1)?
-3
Let z(p) = -6*p. Let k(s) = -16*s + 3. Let o(i) = -2*k(i) + 7*z(i). Give o(0).
-6
Let g(l) = l + 9. Let f be g(7). Let v(c) = -1 + f*c + 14*c - 44*c + 11*c. Give v(-1).
2
Let o = 44 + -39. Suppose -1 + 36 = o*c. Let q(d) = d - 2. Calculate q(c).
5
Let p(b) = b**3 + 4*b**2 - b + 4. Let i(k) = -7*k**3 - 2*k + 3 + 7*k**